{"id":36,"date":"2022-10-01T10:05:59","date_gmt":"2022-10-01T08:05:59","guid":{"rendered":"http:\/\/madent.e-brzesko.pl\/?page_id=36"},"modified":"2022-10-06T18:01:00","modified_gmt":"2022-10-06T16:01:00","slug":"elementor-36","status":"publish","type":"page","link":"https:\/\/madent.e-brzesko.pl\/?page_id=36","title":{"rendered":"Elementor #36"},"content":{"rendered":"\t\t<div data-elementor-type=\"wp-page\" data-elementor-id=\"36\" class=\"elementor elementor-36\">\n\t\t\t\t\t\t<section class=\"elementor-section elementor-top-section elementor-element elementor-element-476999f elementor-section-boxed elementor-section-height-default elementor-section-height-default\" data-id=\"476999f\" data-element_type=\"section\">\n\t\t\t\t\t\t<div class=\"elementor-container elementor-column-gap-default\">\n\t\t\t\t\t<div class=\"elementor-column elementor-col-100 elementor-top-column elementor-element elementor-element-46ba738\" data-id=\"46ba738\" data-element_type=\"column\">\n\t\t\t<div class=\"elementor-widget-wrap elementor-element-populated\">\n\t\t\t\t\t\t<div class=\"elementor-element elementor-element-009df8f elementor-widget elementor-widget-text-editor\" data-id=\"009df8f\" data-element_type=\"widget\" data-widget_type=\"text-editor.default\">\n\t\t\t\t<div class=\"elementor-widget-container\">\n\t\t\t\t\t\t\t\t\t<p><strong>KLAUZULA INFORMACYJNA DLA PACJENT\u00d3W<\/strong><\/p><p><strong>NZOZ MADENT\u00a0<\/strong><\/p><p>DOTYCZ\u0104CA PRZETWARZANIA DANYCH OSOBOWYCH<\/p><p><strong>SZANOWNI PACJENCI<\/strong><\/p><p>W zwi\u0105zku z pocz\u0105tkiem obowi\u0105zywania od dnia 25 maja 2018 roku nowych przepis\u00f3w dotycz\u0105cych<br \/>ochrony danych osobowych, zgodnie z art.13 ust.1 i ust.2 Rozporz\u0105dzenia Parlamentu Europejskiego i<br \/>Rady (UE) 2016\/679 z dnia 27 kwietnia 2016r. w sprawie ochrony os\u00f3b fizycznych w zwi\u0105zku z<br \/>przetwarzaniem danych osobowych i w sprawie swobodnego przep\u0142ywu takich danych oraz uchylenia<br \/>dyrektywy 95\/46\/WE (og\u00f3lne rozporz\u0105dzenie o ochronie danych), zwanym powszechnie RODO,<br \/>informuj\u0119 i\u017c:<br \/>a) Administratorem Pa\u0144stwa danych osobowych jest<\/p><p>Niepubliczny Zak\u0142ad Opieki Zdrowotnej MADENT<br \/>Z siedzib\u0105 Pl. Kazimierza Wielkiego 3, 32-800 Brzesko<\/p><p>b) W kwestiach zwi\u0105zanych z ochron\u0105 danych osobowych prosz\u0119 o kontakt: Ma\u0142gorzata Ma\u0142ecka<br \/><strong>tel. +48 606 713 119<\/strong>\u2026 e-mail:\u00a0<a class=\"keychainify-checked\" href=\"mailto:m.malecka1@wp.pl\">M.MALECKA1@WP.PL.<\/a>\u00a0<\/p><p>c) Pa\u0144stwa dane osobowe przetwarzane s\u0105 zgodnie z art. 9 ust.2 lit. h RODO, wy\u0142\u0105cznie w celu<br \/>udzielania \u015bwiadcze\u0144 zdrowotnych na Pa\u0144stwa rzecz.<br \/>d) Podanie przez Pa\u0144stwa danych osobowych jest wymogiem ustawowym i odmowa ich podania jest<br \/>r\u00f3wnoznaczna z brakiem zgody na leczenie.<br \/>e) Pa\u0144stwa dane osobowe mog\u0105 by\u0107 udost\u0119pniane wy\u0142\u0105cznie osobom i podmiotom uprawnionym na<br \/>mocy art. 26 ustawy o prawach pacjenta i Rzeczniku Praw Pacjenta, w szczeg\u00f3lno\u015bci:<br \/>przedstawicielom ustawowy pacjenta, osobom upowa\u017cnionym przez pacjenta, Narodowemu<br \/>Funduszowi Zdrowia, Rzecznikowi Praw Pacjenta oraz innym organom w\u0142adzy publicznej i<br \/>podmiotom upowa\u017cnionym lub kontroluj\u0105cym wskazanym w ustawie.<br \/>f) Dane osobowe b\u0119d\u0105 przetwarzane przez okres leczenia, a tak\u017ce po tym okresie tj. przez okres 20 lat od<br \/>ostatniego wpisu w dokumentacji medycznej, z wyj\u0105tkami, kt\u00f3re wymienione s\u0105 w art.29 Ustawy o<br \/>prawach pacjenta i Rzeczniku Praw Pacjenta.<br \/>g) Przys\u0142uguje Pa\u0144stwu prawo dost\u0119pu do swoich danych osobowych oraz ich sprostowania.<br \/>h) Przys\u0142uguje Pa\u0144stwu prawo do wniesienia skargi do organu nadzorczego (Prezes Urz\u0119du Ochrony<br \/>Danych Osobowych) gdy uzna Pani\/Pan, i\u017c przetwarzanie danych osobowych Pani\/Pana dotycz\u0105cych<br \/>narusza przepisy RODO;<br \/>i) Pa\u0144stwa dane osobowe nie podlegaj\u0105 zautomatyzowanemu podejmowaniu decyzji, w tym<br \/>profilowaniu.<br \/>Dodatkowe informacje mo\u017cna otrzyma\u0107 u Administratora danych.<\/p>\t\t\t\t\t\t\t\t<\/div>\n\t\t\t\t<\/div>\n\t\t\t\t\t<\/div>\n\t\t<\/div>\n\t\t\t\t\t<\/div>\n\t\t<\/section>\n\t\t\t\t<\/div>\n\t\t","protected":false},"excerpt":{"rendered":"<p>KLAUZULA INFORMACYJNA DLA PACJENT\u00d3W NZOZ MADENT\u00a0 DOTYCZ\u0104CA PRZETWARZANIA DANYCH OSOBOWYCH SZANOWNI PACJENCI W zwi\u0105zku z pocz\u0105tkiem obowi\u0105zywania od dnia 25 maja 2018 roku nowych przepis\u00f3w dotycz\u0105cychochrony danych osobowych, zgodnie z art.13 ust.1 i ust.2 Rozporz\u0105dzenia Parlamentu Europejskiego iRady (UE) 2016\/679 z dnia 27 kwietnia 2016r. w sprawie ochrony os\u00f3b fizycznych w zwi\u0105zku zprzetwarzaniem danych osobowych [&hellip;]<\/p>\n","protected":false},"author":1,"featured_media":0,"parent":0,"menu_order":0,"comment_status":"closed","ping_status":"closed","template":"elementor_header_footer","meta":{"footnotes":""},"class_list":["post-36","page","type-page","status-publish","hentry"],"_links":{"self":[{"href":"https:\/\/madent.e-brzesko.pl\/index.php?rest_route=\/wp\/v2\/pages\/36","targetHints":{"allow":["GET"]}}],"collection":[{"href":"https:\/\/madent.e-brzesko.pl\/index.php?rest_route=\/wp\/v2\/pages"}],"about":[{"href":"https:\/\/madent.e-brzesko.pl\/index.php?rest_route=\/wp\/v2\/types\/page"}],"author":[{"embeddable":true,"href":"https:\/\/madent.e-brzesko.pl\/index.php?rest_route=\/wp\/v2\/users\/1"}],"replies":[{"embeddable":true,"href":"https:\/\/madent.e-brzesko.pl\/index.php?rest_route=%2Fwp%2Fv2%2Fcomments&post=36"}],"version-history":[{"count":10,"href":"https:\/\/madent.e-brzesko.pl\/index.php?rest_route=\/wp\/v2\/pages\/36\/revisions"}],"predecessor-version":[{"id":113,"href":"https:\/\/madent.e-brzesko.pl\/index.php?rest_route=\/wp\/v2\/pages\/36\/revisions\/113"}],"wp:attachment":[{"href":"https:\/\/madent.e-brzesko.pl\/index.php?rest_route=%2Fwp%2Fv2%2Fmedia&parent=36"}],"curies":[{"name":"wp","href":"https:\/\/api.w.org\/{rel}","templated":true}]}}